the hundreds digit of 1696?
6
What is the units digit of 370?
0
What is the units digit of 6870?
0
What is the hundreds digit of 2380?
3
What is the hundreds digit of 8876?
8
What is the hundreds digit of 30599?
5
What is the hundreds digit of 4771?
7
What is the ten thousands digit of 48402?
4
What is the hundreds digit of 813?
8
What is the units digit of 4803?
3
What is the thousands digit of 5848?
5
What is the tens digit of 1175?
7
What is the thousands digit of 52991?
2
What is the tens digit of 841?
4
What is the hundreds digit of 2039?
0
What is the thousands digit of 31639?
1
What is the hundreds digit of 2110?
1
What is the hundreds digit of 28943?
9
What is the hundreds digit of 442?
4
What is the tens digit of 569?
6
What is the ten thousands digit of 21204?
2
What is the ten thousands digit of 54986?
5
What is the tens digit of 60404?
0
What is the units digit of 3228?
8
What is the hundreds digit of 26456?
4
What is the tens digit of 18413?
1
What is the ten thousands digit of 94379?
9
What is the tens digit of 2414?
1
What is the tens digit of 2096?
9
What is the tens digit of 4017?
1
What is the hundreds digit of 1299?
2
What is the ten thousands digit of 40254?
4
What is the tens digit of 20542?
4
What is the units digit of 9422?
2
What is the thousands digit of 8367?
8
What is the tens digit of 8942?
4
What is the hundreds digit of 480?
4
What is the thousands digit of 27203?
7
What is the tens digit of 152064?
6
What is the tens digit of 17117?
1
What is the units digit of 2057?
7
What is the thousands digit of 111441?
1
What is the tens digit of 986?
8
What is the hundreds digit of 11412?
4
What is the units digit of 7?
7
What is the units digit of 3956?
6
What is the units digit of 3890?
0
What is the hundreds digit of 8244?
2
What is the units digit of 6501?
1
What is the units digit of 52932?
2
What is the tens digit of 28033?
3
What is the thousands digit of 56244?
6
What is the hundreds digit of 1941?
9
What is the tens digit of 3864?
6
What is the tens digit of 1098?
9
What is the units digit of 2?
2
What is the tens digit of 34073?
7
What is the hundreds digit of 150?
1
What is the thousands digit of 6150?
6
What is the units digit of 127613?
3
What is the units digit of 17566?
6
What is the units digit of 5778?
8
What is the tens digit of 3886?
8
What is the thousands digit of 30306?
0
What is the tens digit of 834?
3
What is the thousands digit of 9678?
9
What is the tens digit of 94989?
8
What is the units digit of 40421?
1
What is the tens digit of 51440?
4
What is the hundreds digit of 4367?
3
What is the units digit of 2970?
0
What is the units digit of 2623?
3
What is the tens digit of 1556?
5
What is the tens digit of 307?
0
What is the tens digit of 1615?
1
What is the thousands digit of 11084?
1
What is the units digit of 116746?
6
What is the tens digit of 4905?
0
What is the tens digit of 6231?
3
What is the thousands digit of 2504?
2
What is the ten thousands digit of 39013?
3
What is the units digit of 8573?
3
What is the ten thousands digit of 22058?
2
What is the units digit of 96?
6
What is the tens digit of 2891?
9
What is the thousands digit of 1426?
1
What is the units digit of 115059?
9
What is the hundreds digit of 130559?
5
What is the thousands digit of 36284?
6
What is the tens digit of 164?
6
What is the thousands digit of 1515?
1
What is the units digit of 19855?
5
What is the units digit of 2328?
8
What is the units digit of 1240?
0
What is the thousands digit of 6125?
6
What is the units digit of 9726?
6
What is the tens digit of 2454?
5
What is the ten thousands digit of 56543?
5
What is the hundreds digit of 79717?
7
What is the units digit of 9237?
7
What is the thousands digit of 104344?
4
What is the hundreds digit of 55999?
9
What is the units digit of 657?
7
What is the ten thousands digit of 23709?
2
What is the tens digit of 18364?
6
What is the tens digit of 3085?
8
What is the tens digit of 6078?
7
What is the thousands digit of 5776?
5
What is the tens digit of 717?
1
What is the units digit of 2143?
3
What is the units digit of 490?
0
What is the units digit of 9476?
6
What is the tens digit of 5236?
3
What is the thousands digit of 4831?
4
What is the hundreds digit of 5128?
1
What is the thousands digit of 36653?
6
What is the hundreds digit of 2770?
7
What is the tens digit of 1794?
9
What is the thousands digit of 87558?
7
What is the hundreds digit of 77470?
4
What is the ten thousands digit of 22688?
2
What is the thousands digit of 5085?
5
What is the thousands digit of 2286?
2
What is the tens digit of 1491?
9
What is the hundreds digit of 14413?
4
What is the thousands digit of 10323?
0
What is the ten thousands digit of 31486?
3
What is the hundreds digit of 8319?
3
What is the units digit of 772?
2
What is the hundreds digit of 214?
2
What is the units digit of 3659?
9
What is the tens digit of 1839?
3
What is the units digit of 112956?
6
What is the thousands digit of 2264?
2
What is the thousands digit of 1369?
1
What is the tens digit of 78684?
8
What is the units digit of 10196?
6
What is the tens digit of 1266?
6
What is the tens digit of 345?
4
What is the ten thousands digit of 43683?
4
What is the tens digit of 9376?
7
What is the hundred thousands digit of 109340?
1
What is the hundreds digit of 986?
9
What is the thousands digit of 1072?
1
What is the thousands digit of 58168?
8
What is the units digit of 34713?
3
What is the thousands digit of 4021?
4
What is the hundreds digit of 4863?
8
What is the thousands digit of 2847?
2
What is the units digit of 420?
0
What is the thousands digit of 7092?
7
What is the tens digit of 38461?
6
What is the hundreds digit of 17505?
5
What is the units digit of 1387?
7
What is the hundreds digit of 9155?
1
What is the thousands digit of 30238?
0
What is the thousands digit of 1344?
1
What is the tens digit of 2556?
5
What is the units digit of 401?
1
What is the tens digit of 465?
6
What is the tens digit of 24090?
9
What is the ten thousands digit of 14191?
1
What is the ten thousands digit of 35182?
3
What is the thousands digit of 1459?
1
What is the units digit of 84369?
9
What is the thousands digit of 1634?
1
What is the tens digit of 8258?
5
What is the thousands digit of 4418?
4
What is the hundreds digit of 990?
9
What is the tens digit of 734?
3
What is the hundreds digit of 28339?
3
What is the units digit of 1589?
9
What is the thousands digit of 46071?
6
What is the hundreds digit of 27942?
9
What is the hundreds digit of 488?
4
What is the thousands digit of 6086?
6
What is the tens digit of 2001?
0
What is the thousands digit of 1653?
1
What is the thousands digit of 122094?
2
What is the hundreds digit of 10439?
4
What is the hundreds digit of 4675?
6
What is the tens digit of 2596?
9
What is the ten thousands digit of 98638?
9
What is the units digit of 1930?
0
What is the hundreds digit of 36593?
5
What is the units digit of 938?
8
What is the tens digit of 4505?
0
What is the hundreds digit of 2490?
4
What is the hundreds digit of 16694?
6
What is the units digit of 13668?
8
What is the thousands digit of 23510?
3
What is the hundreds digit of 1818?
8
What is the thousands digit of 24029?
4
What is the thousands digit of 2251?
2
What is the hundreds digit of 10519?
5
What is the tens digit of 58590?
9
What is the ten thousands digit of 16379?
1
What is the thousands digit of 3049?
3
What is the hundreds digit of 1541?
5
What is the tens digit of 6500?
0
What is the tens digit of 1563?
6
What is the units digit of 1320?
0
What is the thousands digit of 72828?
2
What is the hundreds digit of 10620?
6
What is the hundreds digit of 5835?
8
What is the units digit of 498?
8
What is the thousands digit of 7560?
7
What is the tens digit of 1598?
9
What is the ten thousands digit of 98537?
9
What is the hundreds digit of 3897?
8
What is the units digit of 88104?
4
What is the ten thousands digit of 10095?
1
What is the tens digit of 1975?
7
What is the units digit of 49087?
7
What is the units digit of 565?
5
What is the thousands digit of 7609?
7
What is the tens digit of 646?
4
What is the hundreds digit of 1500?
5
What is the tens digit of 326?
2
What is the hundreds digit of 1727?
7
What is the tho